{"id":779,"date":"2026-01-20T14:22:50","date_gmt":"2026-01-20T14:22:50","guid":{"rendered":"https:\/\/xn--logopdie-kutej-9hb.at\/n\/?page_id=779"},"modified":"2026-01-20T14:22:50","modified_gmt":"2026-01-20T14:22:50","slug":"datenschutzerklaerung","status":"publish","type":"page","link":"http:\/\/xn--logopdie-kutej-9hb.at\/n\/datenschutzerklaerung\/","title":{"rendered":"Datenschutzerkl\u00e4rung"},"content":{"rendered":"<h2 class=\"wp-block-heading\">1. Verantwortliche Stelle<\/h2>\n<p>\nDr. Waltraud Kutej<br \/>\nPraxis f\u00fcr Logop\u00e4die<br \/>\nRosenweg 7<br \/>\n9141 Eberndorf<br \/>\n\u00d6sterreich<\/p>\n<p>Telefon: +43 650 2423345<br \/>\nE-Mail: wkutej@gmx.at\n<\/p>\n<h2 class=\"wp-block-heading\">2. Grunds\u00e4tze der Datenverarbeitung<\/h2>\n<p>Der Schutz Ihrer pers\u00f6nlichen Daten ist mir ein besonderes Anliegen. Ich verarbeite Ihre Daten daher ausschlie\u00dflich auf Grundlage der gesetzlichen Bestimmungen (DSGVO, DSG, TKG 2003). In dieser Datenschutzerkl\u00e4rung informiere ich Sie \u00fcber die wichtigsten Aspekte der Datenverarbeitung im Rahmen meiner Website.<\/p>\n<h2 class=\"wp-block-heading\">3. Hosting<\/h2>\n<p>Diese Website wird bei einem externen Dienstleister gehostet. Die personenbezogenen Daten, die auf dieser Website erfasst werden, werden auf den Servern des Hosters gespeichert. Hierbei kann es sich um IP-Adressen, Kontaktanfragen, Meta- und Kommunikationsdaten, Vertragsdaten, Kontaktdaten, Namen, Websitezugriffe und sonstige Daten handeln, die \u00fcber eine Website generiert werden.<\/p>\n<p>Die Verarbeitung erfolgt auf Grundlage von Art. 6 Abs. 1 lit. f DSGVO (berechtigtes Interesse an einer sicheren und effizienten Bereitstellung der Website).<\/p>\n<h2 class=\"wp-block-heading\">4. Server-Log-Dateien<\/h2>\n<p>Der Provider der Seiten erhebt und speichert automatisch Informationen in sogenannten Server-Log-Dateien, die Ihr Browser automatisch \u00fcbermittelt. Dies sind: Browsertyp und Browserversion, verwendetes Betriebssystem, Referrer URL, Hostname des zugreifenden Rechners, Uhrzeit der Serveranfrage sowie die IP-Adresse.<\/p>\n<p>Eine Zusammenf\u00fchrung dieser Daten mit anderen Datenquellen wird nicht vorgenommen. Die Erfassung dieser Daten erfolgt auf Grundlage von Art. 6 Abs. 1 lit. f DSGVO (berechtigtes Interesse an der technisch fehlerfreien Darstellung und Optimierung der Website).<\/p>\n<h2 class=\"wp-block-heading\">5. Cookies<\/h2>\n<p>Diese Website verwendet Cookies. Cookies sind kleine Textdateien, die auf Ihrem Endger\u00e4t gespeichert werden und die bestimmte Einstellungen und Daten zum Austausch mit meiner Website \u00fcber Ihren Browser speichern.<\/p>\n<h3 class=\"wp-block-heading\">5.1 Technisch notwendige Cookies<\/h3>\n<p>Einige Cookies sind technisch notwendig, damit die Website ordnungsgem\u00e4\u00df funktioniert. Diese werden ohne Ihre Einwilligung gesetzt. Rechtsgrundlage ist Art. 6 Abs. 1 lit. f DSGVO.<\/p>\n<h3 class=\"wp-block-heading\">5.2 Cookie-Consent (Borlabs Cookie)<\/h3>\n<p>Diese Website nutzt die Cookie-Consent-Technologie von Borlabs Cookie, um Ihre Einwilligung zur Speicherung bestimmter Cookies in Ihrem Browser einzuholen und diese datenschutzkonform zu dokumentieren. Anbieter dieser Technologie ist Borlabs GmbH &amp; Co. KG, R\u00fcbenkamp 32, 22305 Hamburg.<\/p>\n<p>Wenn Sie meine Website betreten, wird ein Borlabs-Cookie in Ihrem Browser gespeichert, in dem die von Ihnen erteilten Einwilligungen oder der Widerruf dieser Einwilligungen gespeichert werden. Diese Daten werden nicht an den Anbieter von Borlabs Cookie weitergegeben.<\/p>\n<p>Die erfassten Daten werden gespeichert, bis Sie mich zur L\u00f6schung auffordern, das Borlabs-Cookie selbst l\u00f6schen oder der Zweck f\u00fcr die Datenspeicherung entf\u00e4llt. Zwingende gesetzliche Aufbewahrungsfristen bleiben unber\u00fchrt.<\/p>\n<h2 class=\"wp-block-heading\">6. Google Analytics<\/h2>\n<p>Diese Website nutzt Google Analytics, einen Webanalysedienst der Google Ireland Limited, Gordon House, Barrow Street, Dublin 4, Irland (&#8222;Google&#8220;). Google Analytics wird <strong>ausschlie\u00dflich nach Ihrer ausdr\u00fccklichen Einwilligung<\/strong> aktiviert (Opt-in \u00fcber das Cookie-Banner, Kategorie &#8222;Statistik&#8220;).<\/p>\n<h3 class=\"wp-block-heading\">6.1 Umfang der Verarbeitung<\/h3>\n<p>Wenn Sie der Nutzung von Google Analytics zustimmen, werden folgende Daten verarbeitet: gek\u00fcrzte IP-Adresse (Anonymisierung aktiv), besuchte Seiten und Verweildauer, verwendeter Browser und Betriebssystem, Herkunft des Besuchs (Referrer) sowie ungef\u00e4hrer Standort (Land\/Region).<\/p>\n<h3 class=\"wp-block-heading\">6.2 Google Consent Mode<\/h3>\n<p>Diese Website verwendet den Google Consent Mode. Ohne Ihre Einwilligung werden keine personenbezogenen Daten an Google \u00fcbertragen. Erst nach Ihrer Zustimmung im Cookie-Banner werden die entsprechenden Analyse-Cookies gesetzt.<\/p>\n<h3 class=\"wp-block-heading\">6.3 Rechtsgrundlage<\/h3>\n<p>Die Verarbeitung erfolgt auf Grundlage Ihrer Einwilligung gem\u00e4\u00df Art. 6 Abs. 1 lit. a DSGVO. Sie k\u00f6nnen Ihre Einwilligung jederzeit widerrufen, indem Sie die Cookie-Einstellungen \u00fcber den entsprechenden Link im Footer der Website aufrufen.<\/p>\n<h3 class=\"wp-block-heading\">6.4 Speicherdauer<\/h3>\n<p>Die von Google Analytics gesetzten Cookies werden nach 14 Monaten automatisch gel\u00f6scht.<\/p>\n<h3 class=\"wp-block-heading\">6.5 Weitere Informationen<\/h3>\n<p>Weitere Informationen zum Umgang mit Nutzerdaten bei Google Analytics finden Sie in der Datenschutzerkl\u00e4rung von Google: <a href=\"https:\/\/policies.google.com\/privacy\" target=\"_blank\" rel=\"noopener\">https:\/\/policies.google.com\/privacy<\/a><\/p>\n<h2 class=\"wp-block-heading\">7. Kontaktformular<\/h2>\n<p>Wenn Sie mir per Kontaktformular Anfragen zukommen lassen, werden Ihre Angaben aus dem Anfrageformular inklusive der von Ihnen dort angegebenen Kontaktdaten zwecks Bearbeitung der Anfrage und f\u00fcr den Fall von Anschlussfragen bei mir gespeichert.<\/p>\n<p>Die Verarbeitung erfolgt auf Grundlage von Art. 6 Abs. 1 lit. b DSGVO (Vertragsanbahnung) bzw. Art. 6 Abs. 1 lit. f DSGVO (berechtigtes Interesse an der Beantwortung Ihrer Anfrage).<\/p>\n<p>Die von Ihnen im Kontaktformular eingegebenen Daten verbleiben bei mir, bis Sie mich zur L\u00f6schung auffordern, Ihre Einwilligung zur Speicherung widerrufen oder der Zweck f\u00fcr die Datenspeicherung entf\u00e4llt. Zwingende gesetzliche Bestimmungen \u2013 insbesondere Aufbewahrungsfristen \u2013 bleiben unber\u00fchrt.<\/p>\n<h2 class=\"wp-block-heading\">8. E-Mail-Kontakt<\/h2>\n<p>Wenn Sie mir eine E-Mail senden, werden die von Ihnen mitgeteilten Daten (z.B. Ihre E-Mail-Adresse, ggf. Ihr Name und Ihre Telefonnummer) von mir gespeichert, um Ihre Fragen zu beantworten. Die Daten werden gel\u00f6scht, sobald sie f\u00fcr die Erreichung des Zweckes ihrer Erhebung nicht mehr erforderlich sind und keine gesetzlichen Aufbewahrungspflichten entgegenstehen.<\/p>\n<h2 class=\"wp-block-heading\">9. Keine Weitergabe an Dritte<\/h2>\n<p>Eine \u00dcbermittlung Ihrer pers\u00f6nlichen Daten an Dritte zu anderen als den im Folgenden aufgef\u00fchrten Zwecken findet nicht statt: wenn Sie Ihre ausdr\u00fcckliche Einwilligung dazu erteilt haben (Art. 6 Abs. 1 lit. a DSGVO), wenn die Weitergabe zur Erf\u00fcllung eines Vertrags erforderlich ist (Art. 6 Abs. 1 lit. b DSGVO) oder wenn die Weitergabe zur Erf\u00fcllung einer rechtlichen Verpflichtung erforderlich ist (Art. 6 Abs. 1 lit. c DSGVO).<\/p>\n<h2 class=\"wp-block-heading\">10. Keine externen Ressourcen<\/h2>\n<p>Diese Website l\u00e4dt <strong>keine externen Schriftarten<\/strong> (wie Google Fonts) oder JavaScript-Bibliotheken (wie jQuery) von fremden Servern. Alle ben\u00f6tigten Ressourcen werden lokal von meinem eigenen Server bereitgestellt. Dadurch werden keine Daten an externe Dienste \u00fcbertragen, die durch das blo\u00dfe Aufrufen der Website entstehen k\u00f6nnten.<\/p>\n<h2 class=\"wp-block-heading\">11. SSL\/TLS-Verschl\u00fcsselung<\/h2>\n<p>Diese Seite nutzt aus Sicherheitsgr\u00fcnden und zum Schutz der \u00dcbertragung vertraulicher Inhalte eine SSL\/TLS-Verschl\u00fcsselung. Eine verschl\u00fcsselte Verbindung erkennen Sie daran, dass die Adresszeile des Browsers von &#8222;http:\/\/&#8220; auf &#8222;https:\/\/&#8220; wechselt und an dem Schloss-Symbol in Ihrer Browserzeile.<\/p>\n<h2 class=\"wp-block-heading\">12. Ihre Rechte<\/h2>\n<p>Ihnen stehen grunds\u00e4tzlich folgende Rechte zu:<\/p>\n<p><strong>Auskunftsrecht<\/strong> (Art. 15 DSGVO): Sie haben das Recht, eine Best\u00e4tigung dar\u00fcber zu verlangen, ob Sie betreffende personenbezogene Daten verarbeitet werden.<\/p>\n<p><strong>Berichtigungsrecht<\/strong> (Art. 16 DSGVO): Sie haben das Recht, die Berichtigung unrichtiger Daten zu verlangen.<\/p>\n<p><strong>L\u00f6schungsrecht<\/strong> (Art. 17 DSGVO): Sie haben das Recht, die L\u00f6schung Ihrer Daten zu verlangen, sofern keine gesetzlichen Aufbewahrungspflichten entgegenstehen.<\/p>\n<p><strong>Recht auf Einschr\u00e4nkung der Verarbeitung<\/strong> (Art. 18 DSGVO): Sie haben das Recht, die Einschr\u00e4nkung der Verarbeitung Ihrer Daten zu verlangen.<\/p>\n<p><strong>Recht auf Daten\u00fcbertragbarkeit<\/strong> (Art. 20 DSGVO): Sie haben das Recht, die Sie betreffenden Daten in einem strukturierten, g\u00e4ngigen und maschinenlesbaren Format zu erhalten.<\/p>\n<p><strong>Widerspruchsrecht<\/strong> (Art. 21 DSGVO): Sie haben das Recht, gegen die Verarbeitung Ihrer Daten Widerspruch einzulegen.<\/p>\n<p><strong>Recht auf Widerruf der Einwilligung<\/strong> (Art. 7 Abs. 3 DSGVO): Sie haben das Recht, eine erteilte Einwilligung jederzeit zu widerrufen.<\/p>\n<p><strong>Beschwerderecht<\/strong>: Sie haben das Recht, sich bei der \u00f6sterreichischen Datenschutzbeh\u00f6rde zu beschweren.<\/p>\n<h2 class=\"wp-block-heading\">13. \u00d6sterreichische Datenschutzbeh\u00f6rde<\/h2>\n<p>\n\u00d6sterreichische Datenschutzbeh\u00f6rde<br \/>\nBarichgasse 40-42<br \/>\n1030 Wien<br \/>\nTelefon: +43 1 52 152-0<br \/>\nE-Mail: dsb@dsb.gv.at<br \/>\nWebsite: <a href=\"https:\/\/www.dsb.gv.at\" target=\"_blank\" rel=\"noopener\">https:\/\/www.dsb.gv.at<\/a>\n<\/p>\n<h2 class=\"wp-block-heading\">14. Aktualit\u00e4t dieser Datenschutzerkl\u00e4rung<\/h2>\n<p>Diese Datenschutzerkl\u00e4rung ist aktuell g\u00fcltig und hat den Stand Januar 2026.<\/p>\n<p>Durch die Weiterentwicklung meiner Website oder aufgrund ge\u00e4nderter gesetzlicher bzw. beh\u00f6rdlicher Vorgaben kann es notwendig werden, diese Datenschutzerkl\u00e4rung zu \u00e4ndern.<\/p>\n","protected":false},"excerpt":{"rendered":"<p>1. Verantwortliche Stelle Dr. Waltraud Kutej Praxis f\u00fcr Logop\u00e4die Rosenweg 7 9141 Eberndorf \u00d6sterreich Telefon: +43 650 2423345 E-Mail: wkutej@gmx.at 2. Grunds\u00e4tze der Datenverarbeitung Der Schutz Ihrer pers\u00f6nlichen Daten ist mir ein besonderes Anliegen. Ich verarbeite Ihre Daten daher ausschlie\u00dflich auf Grundlage der gesetzlichen Bestimmungen (DSGVO, DSG, TKG 2003). In dieser Datenschutzerkl\u00e4rung informiere ich Sie [&hellip;]<\/p>\n","protected":false},"author":1,"featured_media":0,"parent":0,"menu_order":0,"comment_status":"closed","ping_status":"closed","template":"","meta":{"footnotes":""},"class_list":["post-779","page","type-page","status-publish","hentry"],"_links":{"self":[{"href":"http:\/\/xn--logopdie-kutej-9hb.at\/n\/wp-json\/wp\/v2\/pages\/779","targetHints":{"allow":["GET"]}}],"collection":[{"href":"http:\/\/xn--logopdie-kutej-9hb.at\/n\/wp-json\/wp\/v2\/pages"}],"about":[{"href":"http:\/\/xn--logopdie-kutej-9hb.at\/n\/wp-json\/wp\/v2\/types\/page"}],"author":[{"embeddable":true,"href":"http:\/\/xn--logopdie-kutej-9hb.at\/n\/wp-json\/wp\/v2\/users\/1"}],"replies":[{"embeddable":true,"href":"http:\/\/xn--logopdie-kutej-9hb.at\/n\/wp-json\/wp\/v2\/comments?post=779"}],"version-history":[{"count":3,"href":"http:\/\/xn--logopdie-kutej-9hb.at\/n\/wp-json\/wp\/v2\/pages\/779\/revisions"}],"predecessor-version":[{"id":783,"href":"http:\/\/xn--logopdie-kutej-9hb.at\/n\/wp-json\/wp\/v2\/pages\/779\/revisions\/783"}],"wp:attachment":[{"href":"http:\/\/xn--logopdie-kutej-9hb.at\/n\/wp-json\/wp\/v2\/media?parent=779"}],"curies":[{"name":"wp","href":"https:\/\/api.w.org\/{rel}","templated":true}]}}