{"id":12,"date":"2012-02-23T22:00:19","date_gmt":"2012-02-23T22:00:19","guid":{"rendered":"http:\/\/xn--logopdie-kutej-9hb.at\/n\/?page_id=12"},"modified":"2019-04-28T19:47:59","modified_gmt":"2019-04-28T19:47:59","slug":"person","status":"publish","type":"page","link":"http:\/\/xn--logopdie-kutej-9hb.at\/n\/person\/","title":{"rendered":"Zur Person"},"content":{"rendered":"<h3>Werdegang<\/h3>\n<p><span style=\"color: #4fb603;\">1986-1989<\/span><br \/>\nStudium der Logop\u00e4die in Wien<\/p>\n<p><span style=\"color: #4fb603;\">1989-1990<\/span><br \/>\nIn Maria Gugging (N\u00d6) Neurologie und Psychiatrie als Logop\u00e4din besch\u00e4ftigt<\/p>\n<p><span style=\"color: #4fb603;\">1990-1991<\/span><br \/>\nAn der Kinder\u2013 und Jugendneuropsychiatrie Klinikum Klagenfurt als Logop\u00e4din besch\u00e4ftigt<\/p>\n<p><span style=\"color: #4fb603;\">1991-1994<\/span><br \/>\nKarenz<\/p>\n<p><span style=\"color: #4fb603;\">Seit 1994<\/span><br \/>\nBesch\u00e4ftigt als Logop\u00e4din an der HNO-Abteilung im Klinikum Klagenfurt, Logop\u00e4dische Praxis in G\u00f6sselsdorf, Bezirk V\u00f6lkermarkt in Klagenfurt<\/p>\n<p><span style=\"color: #4fb603;\">2004-2007<\/span><br \/>\nPsychotherapeutisches Prop\u00e4deutikum an der Universit\u00e4t Klagenfurt<\/p>\n<p><span style=\"color: #4fb603;\">2008-2010<\/span><br \/>\nMasterstudium Gesundheitsmanagement an der Fachhochschule K\u00e4rnten<\/p>\n<p><span style=\"color: #4fb603;\">Zusatzqualifikationen<\/span><br \/>\nMasterstudium Gesundheitsmanagement, psychotherapeutisches Prop\u00e4deutikum, European Business Competence Licence, European Computer Driving Licence, Cranio Sacral Therapie, Diplomierte Legasthenietrainerin<\/p>\n","protected":false},"excerpt":{"rendered":"<p>Werdegang 1986-1989 Studium der Logop\u00e4die in Wien 1989-1990 In Maria Gugging (N\u00d6) Neurologie und Psychiatrie als Logop\u00e4din besch\u00e4ftigt 1990-1991 An der Kinder\u2013 und Jugendneuropsychiatrie Klinikum Klagenfurt als Logop\u00e4din besch\u00e4ftigt 1991-1994 Karenz Seit 1994 Besch\u00e4ftigt als Logop\u00e4din an der HNO-Abteilung im Klinikum Klagenfurt, Logop\u00e4dische Praxis in G\u00f6sselsdorf, Bezirk V\u00f6lkermarkt in Klagenfurt 2004-2007 Psychotherapeutisches Prop\u00e4deutikum an der [&hellip;]<\/p>\n","protected":false},"author":1,"featured_media":0,"parent":0,"menu_order":0,"comment_status":"open","ping_status":"open","template":"","meta":{"footnotes":""},"class_list":["post-12","page","type-page","status-publish","hentry"],"_links":{"self":[{"href":"http:\/\/xn--logopdie-kutej-9hb.at\/n\/wp-json\/wp\/v2\/pages\/12","targetHints":{"allow":["GET"]}}],"collection":[{"href":"http:\/\/xn--logopdie-kutej-9hb.at\/n\/wp-json\/wp\/v2\/pages"}],"about":[{"href":"http:\/\/xn--logopdie-kutej-9hb.at\/n\/wp-json\/wp\/v2\/types\/page"}],"author":[{"embeddable":true,"href":"http:\/\/xn--logopdie-kutej-9hb.at\/n\/wp-json\/wp\/v2\/users\/1"}],"replies":[{"embeddable":true,"href":"http:\/\/xn--logopdie-kutej-9hb.at\/n\/wp-json\/wp\/v2\/comments?post=12"}],"version-history":[{"count":22,"href":"http:\/\/xn--logopdie-kutej-9hb.at\/n\/wp-json\/wp\/v2\/pages\/12\/revisions"}],"predecessor-version":[{"id":762,"href":"http:\/\/xn--logopdie-kutej-9hb.at\/n\/wp-json\/wp\/v2\/pages\/12\/revisions\/762"}],"wp:attachment":[{"href":"http:\/\/xn--logopdie-kutej-9hb.at\/n\/wp-json\/wp\/v2\/media?parent=12"}],"curies":[{"name":"wp","href":"https:\/\/api.w.org\/{rel}","templated":true}]}}

<h3>Werdegang</h3>
<p><span style="color: #4fb603;">1986-1989</span><br />
Studium der Logopädie in Wien</p>
<p><span style="color: #4fb603;">1989-1990</span><br />
In Maria Gugging (NÖ) Neurologie und Psychiatrie als Logopädin beschäftigt</p>
<p><span style="color: #4fb603;">1990-1991</span><br />
An der Kinder– und Jugendneuropsychiatrie Klinikum Klagenfurt als Logopädin beschäftigt</p>
<p><span style="color: #4fb603;">1991-1994</span><br />
Karenz</p>
<p><span style="color: #4fb603;">Seit 1994</span><br />
Beschäftigt als Logopädin an der HNO-Abteilung im Klinikum Klagenfurt, Logopädische Praxis in Gösselsdorf, Bezirk Völkermarkt in Klagenfurt</p>
<p><span style="color: #4fb603;">2004-2007</span><br />
Psychotherapeutisches Propädeutikum an der Universität Klagenfurt</p>
<p><span style="color: #4fb603;">2008-2010</span><br />
Masterstudium Gesundheitsmanagement an der Fachhochschule Kärnten</p>
<p><span style="color: #4fb603;">Zusatzqualifikationen</span><br />
Masterstudium Gesundheitsmanagement, psychotherapeutisches Propädeutikum, European Business Competence Licence, European Computer Driving Licence, Cranio Sacral Therapie, Diplomierte Legasthenietrainerin</p>

<p>Werdegang 1986-1989 Studium der Logopädie in Wien 1989-1990 In Maria Gugging (NÖ) Neurologie und Psychiatrie als Logopädin beschäftigt 1990-1991 An der Kinder– und Jugendneuropsychiatrie Klinikum Klagenfurt als Logopädin beschäftigt 1991-1994 Karenz Seit 1994 Beschäftigt als Logopädin an der HNO-Abteilung im Klinikum Klagenfurt, Logopädische Praxis in Gösselsdorf, Bezirk Völkermarkt in Klagenfurt 2004-2007 Psychotherapeutisches Propädeutikum an der [&hellip;]</p>
