{"id":10,"date":"2012-02-23T22:00:10","date_gmt":"2012-02-23T22:00:10","guid":{"rendered":"http:\/\/xn--logopdie-kutej-9hb.at\/n\/?page_id=10"},"modified":"2026-01-17T23:56:07","modified_gmt":"2026-01-17T23:56:07","slug":"impressum","status":"publish","type":"page","link":"http:\/\/xn--logopdie-kutej-9hb.at\/n\/impressum\/","title":{"rendered":"Impressum"},"content":{"rendered":"<h4>Medieninhaberin<\/h4>\n<p>Dr. Waltraud Kutej<br \/>\nRosenweg 7<br \/>\nAT-9141 G\u00f6sselsdorf<\/p>\n<h4>Kontakt<\/h4>\n<p>Telefon: +43 650 2423345<br \/>\nE-Mail: <a href=\"mailto:praxis@logop\u00e4die-kutej.at\" data-abc=\"true\">praxis@logop\u00e4die-kutej.at<\/a><br \/>\nInternet: www.logop\u00e4die-kutej.at<\/p>\n<p>Bewilligung zur freiberuflichen Aus\u00fcbung<br \/>\ndes logop\u00e4disch-phoniatrisch-audiologischen Dienstes<br \/>\ndurch das Amt der K\u00e4rntner Landesregierung (1995)<\/p>\n<h4>Verwaltung &amp; technische Umsetzung<\/h4>\n<p>Form und Zeichen Design Agentur<br \/>\nInternet: <a href=\"https:\/\/www.formundzeichen.at\/\">www.formundzeichen.at<\/a><\/p>\n<h4>\u00d6sterreichische Gesellschaft f\u00fcr Logop\u00e4die, Phoniatrie und P\u00e4daudiologie<\/h4>\n<p>c\/o Univ.Prof. DDr. Wolfgang Bigenzahn<br \/>\nUniv.-HNO-Klinik<br \/>\nKlinische Abteilung Phoniatrie-Logop\u00e4die<br \/>\nAdresse: W\u00e4hringer G\u00fcrtel 18-20<br \/>\n1090 Wien<br \/>\nInternet:<a title=\"http:\/\/www.hno.at\/\" href=\"http:\/\/www.hno.at\/\" target=\"_blank\" rel=\"noopener\" data-abc=\"true\"> http:\/\/www.hno.at\/<\/a><\/p>\n<h4>DBL &#8211; Deutscher Bundesverband f\u00fcr Logop\u00e4die e.V.<\/h4>\n<p>Augustinusstr. 11a<br \/>\n50226 Frechen<\/p>\n<p><strong>Tel.:<\/strong> (0 22 34) 37 95 3-0<br \/>\n<strong>Fax:<\/strong> (0 22 34) 37 95 3-13<br \/>\n<strong>E-Mail:<\/strong> info@dbl-ev.de<br \/>\n<strong>Internet:<\/strong> <a title=\"www.dbl-ev.de\/\" href=\"http:\/\/www.dbl-ev.de\/\" target=\"_blank\" rel=\"noopener\" data-abc=\"true\">http:\/\/www.dbl-ev.de\/<\/a><\/p>\n<p><strong>Alleinvertretungsbefugte Vorstandsmitglieder:<\/strong><br \/>\nChristiane Hoffschildt, Cornelia Deckenbach<\/p>\n<p><strong>Registergericht: <\/strong>Amtsgericht K\u00f6ln<strong><br \/>\n<strong>Registernummer:<\/strong><\/strong> VR 817<\/p>\n<p><strong>Umsatzsteuer-Identifikationsnummer gem\u00e4\u00df \u00a7 27 a Umsatzsteuergesetz:<\/strong><br \/>\nDE 123489785<\/p>\n<p><strong>Inhaltlich Verantwortliche gem\u00e4\u00df \u00a7 10 Absatz 3 MDStV:<\/strong><br \/>\nChristiane Hoffschildt (Anschrift wie oben)<\/p>\n<h4>Copyright<\/h4>\n<p>Die gesamte Website ist gesch\u00fctzt.<br \/>\nEine rechtswidrige Verwendung von Teilen oder dem gesamten Template ist nicht erlaubt.<br \/>\nSofern Teile des Layouts verwendet werden wollen, muss eine schriftliche Zustimmung des<br \/>\nMedieninhabers erfolgen.<\/p>\n<h4>Verwendete Fotos<\/h4>\n<p>\u00a9 Waltraud Kutej; \u00a9 fhmedien_de &#8211; Fotolia.com; \u00a9 Daniel Ernst &#8211; Fotolia.com; \u00a9 jeremias m\u00fcnch &#8211; Fotolia.com; \u00a9 Barmaliejus &#8211; Fotolia.com; \u00a9 TheSupe87 &#8211; Fotolia.com; \u00a9 Christian Pedant &#8211; Fotolia.com; \u00a9 pashabo &#8211; Fotolia.com; \u00a9 photocrew &#8211; Fotolia.com; \u00a9 Kaarsten &#8211; Fotolia.com; \u00a9 somenski &#8211; Fotolia.com; \u00a9 schwede-photodesign &#8211; Fotolia.com; \u00a9 pressmaster &#8211; Fotolia.com; \u00a9 babimu &#8211; Fotolia.com; \u00a9 Alexander Raths &#8211; Fotolia.com; \u00a9 imageteam &#8211; Fotolia.com; \u00a9 Faber Visum &#8211; Fotolia.com; \u00a9 Stefan K\u00f6rber &#8211; Fotolia.com<\/p>\n<h4><a title=\"Haftungsausschluss\" href=\"http:\/\/www.disclaimer.de\/disclaimer.htm?farbe=FFFFFF\/000000\/000000\/000000\" target=\"_blank\" rel=\"noopener\" data-abc=\"true\">Haftungsausschluss<\/a><\/h4>\n","protected":false},"excerpt":{"rendered":"<p>Medieninhaberin Dr. Waltraud Kutej Rosenweg 7 AT-9141 G\u00f6sselsdorf Kontakt Telefon: +43 650 2423345 E-Mail: praxis@logop\u00e4die-kutej.at Internet: www.logop\u00e4die-kutej.at Bewilligung zur freiberuflichen Aus\u00fcbung des logop\u00e4disch-phoniatrisch-audiologischen Dienstes durch das Amt der K\u00e4rntner Landesregierung (1995) Verwaltung &amp; technische Umsetzung Form und Zeichen Design Agentur Internet: www.formundzeichen.at \u00d6sterreichische Gesellschaft f\u00fcr Logop\u00e4die, Phoniatrie und P\u00e4daudiologie c\/o Univ.Prof. DDr. Wolfgang Bigenzahn Univ.-HNO-Klinik [&hellip;]<\/p>\n","protected":false},"author":1,"featured_media":0,"parent":0,"menu_order":0,"comment_status":"open","ping_status":"open","template":"","meta":{"footnotes":""},"class_list":["post-10","page","type-page","status-publish","hentry"],"_links":{"self":[{"href":"http:\/\/xn--logopdie-kutej-9hb.at\/n\/wp-json\/wp\/v2\/pages\/10","targetHints":{"allow":["GET"]}}],"collection":[{"href":"http:\/\/xn--logopdie-kutej-9hb.at\/n\/wp-json\/wp\/v2\/pages"}],"about":[{"href":"http:\/\/xn--logopdie-kutej-9hb.at\/n\/wp-json\/wp\/v2\/types\/page"}],"author":[{"embeddable":true,"href":"http:\/\/xn--logopdie-kutej-9hb.at\/n\/wp-json\/wp\/v2\/users\/1"}],"replies":[{"embeddable":true,"href":"http:\/\/xn--logopdie-kutej-9hb.at\/n\/wp-json\/wp\/v2\/comments?post=10"}],"version-history":[{"count":49,"href":"http:\/\/xn--logopdie-kutej-9hb.at\/n\/wp-json\/wp\/v2\/pages\/10\/revisions"}],"predecessor-version":[{"id":782,"href":"http:\/\/xn--logopdie-kutej-9hb.at\/n\/wp-json\/wp\/v2\/pages\/10\/revisions\/782"}],"wp:attachment":[{"href":"http:\/\/xn--logopdie-kutej-9hb.at\/n\/wp-json\/wp\/v2\/media?parent=10"}],"curies":[{"name":"wp","href":"https:\/\/api.w.org\/{rel}","templated":true}]}}